remainder when 17 is divided by g.
2
Let i = 2 + 22. Suppose -6*k + 2*k = -i. Suppose -k*n = -2*n - 32. Calculate the remainder when 23 is divided by n.
7
Suppose 4 + 13 = y. Calculate the remainder when y is divided by 10.
7
What is the remainder when 36 is divided by ((-70)/(-15))/(((-10)/(-3))/5)?
1
What is the remainder when 43 is divided by (-2)/(-8) + 1239/84?
13
Let x = -10 + 12. Calculate the remainder when 35 is divided by 6/x + 8 + 1.
11
Let t be 4/(-2) - (-6 + -79). Let s = 130 - t. What is the remainder when s is divided by 16?
15
Let c(b) = 10*b**2 - b + 1. Calculate the remainder when c(2) is divided by 10.
9
Suppose 5*a + 2 = 6*a. Suppose 0 = -2*y + 2 + 2. What is the remainder when y is divided by a?
0
Let n(i) = -i**2 + 12*i - 17. Let s = 4 + 0. Calculate the remainder when s is divided by n(10).
1
Let p = -86 + 133. What is the remainder when 138 is divided by p?
44
Let f(z) = -z + 8. What is the remainder when 79 is divided by f(-8)?
15
Let q(x) = -x**2 - 8*x + 2. Let b = 64 - 90. Let z = 57 + b. Calculate the remainder when z is divided by q(-5).
14
Let n(f) = f**3 - 9*f**2 - 2*f + 4. Let t be n(10). Let p = t - 50. What is the remainder when p is divided by 18?
16
Let n = -24 - -130. Calculate the remainder when n is divided by 16.
10
Let y = -31 - -46. Calculate the remainder when y is divided by 6.
3
Let u(z) = 7*z**2 - z. Let h = 2 + 0. What is the remainder when u(h) is divided by ((-4)/6)/(1/(-21))?
12
Suppose -2*c - 84 = -4*z, c + c = z - 21. What is the remainder when 60 is divided by z?
18
Calculate the remainder when (-30)/4*(-42)/9 is divided by (-3 + 1)*(-5 - 1).
11
Let u = 224 - 65. Calculate the remainder when u is divided by 40.
39
Suppose 4*s = -3*o + 101, 0 = 3*o - 7*s + 4*s - 66. Suppose 5*m + 0*m = 4*v - o, v - 11 = -3*m. Calculate the remainder when (-2 + (-8)/(-2))*7 is divided by v.
6
Suppose 5*x + 10 = -0. What is the remainder when 43/3 + x/6 is divided by 2/(-7) - (-116)/14?
6
Suppose -4*m + 38 - 22 = 0. Calculate the remainder when 5 is divided by m.
1
Calculate the remainder when 19 is divided by (-48)/28*14/(-4).
1
Suppose v = 4*v - 96. What is the remainder when 125 is divided by v?
29
Let m = -2 - -2. Let i be 2 + (m - 1) + 2. Suppose i*v = 2*c - 35, 3*c = -7*v + 2*v + 24. What is the remainder when 24 is divided by c?
11
Suppose 5*x + 4*r - r - 80 = 0, -x + 5*r = 12. Let k(t) = t**3 + 3*t + 2. What is the remainder when k(3) is divided by x?
12
Suppose 0 = -5*k - 4*g + 113, 4*k + g - 5*g = 76. What is the remainder when k is divided by 8?
5
Let n(m) = m**3 - m**2 - 5*m + 6. Let a = 10 - -2. Calculate the remainder when n(4) is divided by a.
10
Suppose 30 = 4*c - c. What is the remainder when 37 is divided by c?
7
Let d(w) = w**3 + 7*w**2 + 6*w + 5. Calculate the remainder when 47 is divided by d(-5).
22
Let q(o) = 12*o - 95. What is the remainder when 23 is divided by q(9)?
10
Let g(j) = j**3 + 11*j**2 + 7*j - 9. Suppose -4*f = -0*f - 44. What is the remainder when g(-10) is divided by f?
10
Let l be (-19)/2*(-5 - -7). Suppose -r = -5*k + 180, 3*k - k + r = 79. What is the remainder when k is divided by (0 + l)/(11/(-11))?
18
Let g = 252 + -73. What is the remainder when g is divided by 18?
17
Let w = -13 + 19. Suppose 48 = -4*r - 0*r. Let v = r + 23. What is the remainder when v is divided by w?
5
Let m be (2 - (-2 - -1))*1. Suppose 4*x - 4 = m*x. What is the remainder when 28 is divided by (1 - x)/((-1)/5)?
13
Calculate the remainder when (10 + 5)*26/3 is divided by 12.
10
Suppose 602 = 4*w + 3*w. What is the remainder when w is divided by 22?
20
Suppose n + 0*a - 5*a + 4 = 0, 4*n - 4*a - 48 = 0. Calculate the remainder when n is divided by 6.
4
Let b(g) = 55*g - 204. Suppose j = -0*j + 6. What is the remainder when b(4) is divided by j?
4
Suppose -l - 3*x + 31 = -6*x, 3*l - 77 = 5*x. What is the remainder when 51 is divided by l?
13
Suppose -4*x + 0*x + 308 = 0. What is the remainder when x is divided by 26?
25
Let k = -1 + 2. Calculate the remainder when (-3 + 3 - k)*-25 is divided by 13.
12
Suppose 3*i = 83 + 4. What is the remainder when i is divided by 11?
7
Let w(d) = -3*d**2 + 9*d - 6. Let s(j) = -16*j**2 + 46*j - 29. Let t(r) = 2*s(r) - 11*w(r). Calculate the remainder when 7 is divided by t(6).
1
Let d(s) = -s. Let m(h) = 3. Let n(u) = 5*d(u) + m(u). Let y(z) = 4*z - 2. Let o(f) = 5*n(f) + 6*y(f). Calculate the remainder when o(-4) is divided by 5.
2
Suppose -5*r - 5*w = -18 - 32, r - 5*w - 10 = 0. Suppose 0 = 5*y - 215 + 30. Calculate the remainder when y is divided by r.
7
Suppose j = -3*h + 25, -4*h - 70 = -4*j - h. Calculate the remainder when 132 is divided by j.
18
Let l(p) = -2*p**3 + 2*p + 3. Let z(r) = r**2 - 6*r - 18. What is the remainder when l(-2) is divided by z(9)?
6
Let n(w) = 2*w**3 + 5*w**2 + w - 3. Let i be n(-3). Let r(b) = b**3 - 8*b**2 + 9*b - 6. Calculate the remainder when 8/20 - 219/i is divided by r(7).
7
Suppose 408 = -18*k + 22*k. What is the remainder when k is divided by 26?
24
Let b(j) = 3*j**3 - j**2 - j - 3. Let k(t) = -7*t**3 + 2*t**2 + 2*t + 7. Let i(s) = -5*b(s) - 2*k(s). Calculate the remainder when 21 is divided by i(-2).
10
Let q(g) = -g**2 + g + 48. Calculate the remainder when 18 is divided by q(-6).
0
Let h = 30 - 17. What is the remainder when 36 is divided by h?
10
Suppose 20*i + 102 - 362 = 0. What is the remainder when i is divided by 2?
1
Suppose 10*w - 8*w = 214. What is the remainder when w is divided by 36?
35
Let q(u) = -u**2 - 8*u - 4. Calculate the remainder when 31 is divided by q(-6).
7
Let l be 19/(-2) + (-4)/8. Let f be 4/5*l/(-4). Suppose 0 = -d + f*d - 2. Calculate the remainder when 6 is divided by d.
0
Let y = 16 - 11. Let r(s) = 3*s. What is the remainder when 29 is divided by r(y)?
14
Calculate the remainder when 2 - (2/1 + -15) is divided by 9.
6
Let p = 3 + -1. Let t(h) = 2*h**2 - 2*h - 2. Suppose -r + 8 = 4*c, 4*r + 2*c - 14 = r. Calculate the remainder when r is divided by t(p).
0
Let f = -14 + 24. Suppose -c = -u + 28, 0 = -3*u - c + 114 - f. Let b = 50 - 33. Calculate the remainder when u is divided by b.
16
Suppose -4*l = -3*f - 59, 50 = 5*l + 4*f + 15. Calculate the remainder when (-1 + 2)/((-2)/(-82)) is divided by l.
8
Let m(w) = 2*w - 10. Let s be 1*3*7/3. Suppose i = 4*i - 2*l - 29, -l - 11 = -i. Calculate the remainder when i is divided by m(s).
3
Let v = -43 + 100. Let n = v - 38. What is the remainder when n is divided by 5?
4
Let x(k) = 22*k**2 - 2*k - 1. Let h be x(-1). Let o = -9 + h. What is the remainder when o is divided by 8?
6
Let i(r) = r**3 + 15*r**2 + 11*r - 27. Calculate the remainder when 56 is divided by i(-14).
11
Let o be (2 - 26)/3*-1. Suppose -6*x + 2*x - 23 = -t, t = x + o. What is the remainder when 3 is divided by t?
0
Let n(w) = -w**2 + 27*w + 209. Let y(p) = -4*p. Let t(l) = 4*l. Let u(f) = 4*t(f) + 5*y(f). What is the remainder when u(-5) is divided by n(33)?
9
Let f be (-1 + -1)/(8/(-12)). Calculate the remainder when 17 is divided by (f/6)/(3/54).
8
Let y(j) = 3 + 4*j**3 + 0*j**3 - 3*j**3 - 9*j**2 + 10*j. Suppose 4*l = -l + 4*q + 32, 3*l + q = 26. What is the remainder when 36 is divided by y(l)?
17
What is the remainder when 0*(-2)/(-6) + 73 is divided by 19?
16
Let c = -73 + 114. Calculate the remainder when c is divided by 2/(-5) - ((-228)/(-20))/(-1).
8
Suppose y + y = -4*v + 124, 2*y + 74 = 2*v. What is the remainder when v is divided by 1/(-3) + (-224)/(-24)?
6
Suppose 4*n - 9 = -q, -5*n + n - 4*q = 0. Suppose a = -n*a - 24. Let w(g) = g**3 + 7*g**2 + 3*g - 4. Calculate the remainder when 26 is divided by w(a).
12
Let t be (3 - 0) + (10 - 9). Suppose 2*w - 2 = -3*g, w = 3*w + t*g. What is the remainder when 13 is divided by w?
1
Calculate the remainder when 20 is divided by 423/63 + 4/14.
6
Let b(t) = -t**3 + t + 14. Let n(p) = -p**3 + 7*p**2 - 6*p + 3. What is the remainder when n(4) is divided by b(0)?
13
Suppose 0*v - 2*v = -22. Let i(d) = -d**2 + 10*d - 17. Calculate the remainder when v is divided by i(7).
3
Let b(n) = n**2 + n - 2. Suppose -o = -0*o - 10. What is the remainder when o is divided by b(-3)?
2
Suppose 4*x = -3*g + 14 - 5, 2*x + 9 = 3*g. What is the remainder when 7 is divided by g?
1
Let d(v) be the third derivative of 7*v**5/10 - v**4/24 - v**3/6 + 8